alculate the remainder when 30 is divided by 11.
8
Calculate the remainder when 2724 is divided by 31.
27
Calculate the remainder when 269 is divided by 97.
75
Calculate the remainder when 1402 is divided by 37.
33
Calculate the remainder when 29 is divided by 11.
7
What is the remainder when 2244 is divided by 557?
16
What is the remainder when 3373 is divided by 7?
6
What is the remainder when 1023 is divided by 166?
27
Calculate the remainder when 235 is divided by 49.
39
What is the remainder when 529 is divided by 38?
35
Calculate the remainder when 380 is divided by 288.
92
Calculate the remainder when 74 is divided by 18.
2
Calculate the remainder when 162 is divided by 50.
12
Calculate the remainder when 8927 is divided by 13.
9
Calculate the remainder when 85 is divided by 24.
13
Calculate the remainder when 811 is divided by 15.
1
What is the remainder when 28 is divided by 9?
1
What is the remainder when 556 is divided by 14?
10
Calculate the remainder when 5468 is divided by 228.
224
Calculate the remainder when 3130 is divided by 8.
2
Calculate the remainder when 25 is divided by 14.
11
Calculate the remainder when 3079 is divided by 45.
19
What is the remainder when 896 is divided by 418?
60
What is the remainder when 449 is divided by 201?
47
Calculate the remainder when 10235 is divided by 256.
251
Calculate the remainder when 87 is divided by 34.
19
Calculate the remainder when 246 is divided by 19.
18
What is the remainder when 130 is divided by 18?
4
Calculate the remainder when 3235 is divided by 39.
37
What is the remainder when 3697 is divided by 10?
7
What is the remainder when 953 is divided by 32?
25
Calculate the remainder when 1218 is divided by 609.
0
What is the remainder when 4730 is divided by 14?
12
What is the remainder when 88 is divided by 21?
4
What is the remainder when 303 is divided by 82?
57
Calculate the remainder when 421 is divided by 49.
29
Calculate the remainder when 354 is divided by 35.
4
What is the remainder when 19 is divided by 9?
1
What is the remainder when 51 is divided by 29?
22
What is the remainder when 46 is divided by 24?
22
What is the remainder when 82 is divided by 46?
36
What is the remainder when 1097 is divided by 50?
47
Calculate the remainder when 4358 is divided by 398.
378
Calculate the remainder when 93 is divided by 15.
3
What is the remainder when 261 is divided by 49?
16
What is the remainder when 2720 is divided by 906?
2
Calculate the remainder when 312 is divided by 125.
62
Calculate the remainder when 1428 is divided by 143.
141
What is the remainder when 81 is divided by 7?
4
Calculate the remainder when 1961 is divided by 18.
17
Calculate the remainder when 541 is divided by 32.
29
Calculate the remainder when 318 is divided by 34.
12
What is the remainder when 6 is divided by 5?
1
What is the remainder when 3527 is divided by 42?
41
Calculate the remainder when 297 is divided by 64.
41
What is the remainder when 54 is divided by 51?
3
Calculate the remainder when 366 is divided by 311.
55
What is the remainder when 83 is divided by 14?
13
Calculate the remainder when 73 is divided by 25.
23
Calculate the remainder when 330 is divided by 36.
6
Calculate the remainder when 723 is divided by 25.
23
What is the remainder when 1637 is divided by 20?
17
What is the remainder when 213 is divided by 18?
15
Calculate the remainder when 128 is divided by 32.
0
What is the remainder when 28 is divided by 18?
10
Calculate the remainder when 6266 is divided by 95.
91
What is the remainder when 550 is divided by 69?
67
What is the remainder when 7145 is divided by 2370?
35
What is the remainder when 251 is divided by 122?
7
Calculate the remainder when 163 is divided by 36.
19
What is the remainder when 485 is divided by 3?
2
Calculate the remainder when 8737 is divided by 230.
227
What is the remainder when 748 is divided by 30?
28
What is the remainder when 22 is divided by 2?
0
What is the remainder when 3341 is divided by 124?
117
What is the remainder when 1097 is divided by 50?
47
What is the remainder when 13347 is divided by 169?
165
What is the remainder when 149 is divided by 48?
5
Calculate the remainder when 11389 is divided by 44.
37
What is the remainder when 1100 is divided by 114?
74
What is the remainder when 26707 is divided by 44?
43
What is the remainder when 81 is divided by 45?
36
What is the remainder when 1447 is divided by 144?
7
Calculate the remainder when 455 is divided by 441.
14
What is the remainder when 241 is divided by 8?
1
Calculate the remainder when 77 is divided by 22.
11
What is the remainder when 13568 is divided by 41?
38
Calculate the remainder when 292 is divided by 75.
67
Calculate the remainder when 5991 is divided by 28.
27
Calculate the remainder when 240 is divided by 88.
64
Calculate the remainder when 61 is divided by 52.
9
What is the remainder when 457 is divided by 9?
7
What is the remainder when 3870 is divided by 12?
6
What is the remainder when 218 is divided by 216?
2
What is the remainder when 39 is divided by 16?
7
What is the remainder when 30 is divided by 10?
0
Calculate the remainder when 116 is divided by 53.
10
What is the remainder when 159 is divided by 23?
21
Calculate the remainder when 330 is divided by 56.
50
What is the remainder when 30 is divided by 25?
5
What is the remainder when 177 is divided by 5?
2
Calculate the remainder when 9736 is divided by 24.
16
What is the remainder when 209 is divided by 30?
29
What is the remainder when 1063 is divided by 28?
27
Calculate the remainder when 621 is divided by 39.
36
Calculate the remainder when 8574 is divided by 2.
0
What is the remainder when 2766 is divided by 276?
6
What is the remainder when 464 is divided by 71?
38
What is the remainder when 695 is divided by 12?
11
Calculate the remainder when 357 is divided by 124.
109
What is the remainder when 1530 is divided by 77?
67
What is the remainder when 321 is divided by 23?
22
What is the remainder when 416 is divided by 19?
17
Calculate the remainder when 14217 is divided by 36.
33
What is the remainder when 49 is divided by 17?
15
Calculate the remainder when 241 is divided by 162.
79
What is the remainder when 1179 is divided by 197?
194
What is the remainder when 257 is divided by 87?
83
What is the remainder when 249 is divided by 85?
79
What is the remainder when 557 is divided by 112?
109
Calculate the remainder when 82 is divided by 25.
7
Calculate the remainder when 1787 is divided by 149.
148
Calculate the remainder when 431 is divided by 123.
62
What is the remainder when 8621 is divided by 11?
8
Calculate the remainder when 581 is divided by 6.
5
Calculate the remainder when 979 is divided by 200.
179
What is the remainder when 299 is divided by 61?
55
Calculate the remainder when 6829 is divided by 2274.
7
What is the remainder when 222 is divided by 72?
6
What is the remainder when 50 is divided by 31?
19
Calculate the remainder when 26 is divided by 8.
2
Calculate the remainder when 130 is divided by 6.
4
What is the remainder when 141 is divided by 81?
60
What is the remainder when 175 is divided by 136?
39
What is the remainder when 3449 is divided by 20?
9
What is the remainder when 17 is divided by 7?
3
Calculate the remainder when 461 is divided by 52.
45
Calculate the remainder when 2170 is divided by 720.
10
Calculate the remainder when 59 is divided by 15.
14
What is the remainder when 1143 is divided by 44?
43
Calculate the remainder when 74 is divided by 25.
24
Calculate the remainder when 329 is divided by 17.
6
What is the remainder when 73 is divided by 8?
1
Calculate the remainder when 324 is divided by 72.
36
What is the remainder when 1593 is divided by 39?
33
Calculate the remainder when 40 is divided by 3.
1
What is the remainder when 1385 is divided by 231?
230
What is the remainder when 148 is divided by 9?
4
What is the remainder when 1969 is divided by 68?
65
Calculate the remainder when 2157 is divided by 196.
1
Calculate the remainder when 81 is divided by 29.
23
Calculate the remainder when 510 is divided by 27.
24
Calculate the remainder when 1231 is divided by 405.
16
What is the remainder when 541 is divided by 525?
16
Calculate the remainder when 3427 is d